- (-1 - -6) - (-5 - 67).
67
List the prime factors of (-923)/52 + 17 + (-46931)/(-4).
2, 7, 419
List the prime factors of ((-121098)/4)/((-10)/12 + 40/(-60)).
20183
Let f(t) = -408*t + 12. Let j be f(-3). Suppose 10*u = 7*u + j. Suppose 0*l + 5*z - 485 = -5*l, -u = -4*l + 2*z. List the prime factors of l.
101
Let a(r) = 26*r + 9. Let u(m) = 1. Let g(x) = -a(x) + 3*u(x). What are the prime factors of g(-7)?
2, 11
Let o(p) = -p**3 + 7*p**2 - p. Let w be o(5). Suppose -4*m + 35 = -2*d - 3, 4*m + 5*d - w = 0. Suppose -6*n - m = -472. What are the prime factors of n?
7, 11
Let u be ((-70)/(-56))/((-5)/(-20)). Suppose u*y + 0*y - 3710 = 0. What are the prime factors of y?
2, 7, 53
Suppose w - 8 - 12 = -5*h, -5*w - 4*h + 37 = 0. Suppose -7*v = -4*f - 9*v + 492, -486 = -4*f - w*v. What are the prime factors of f?
2, 31
Let v be 3843 - (0 - (2 - -4)). Suppose -v = -17*u + 5994. List the prime factors of u.
3, 193
Let n = 30 + -27. Let d = 2 - n. What are the prime factors of (-3 - d) + (-440)/(-2)?
2, 109
Suppose 15*m = 183449 + 282151. List the prime factors of m.
2, 5, 97
Let m = -245 - -399. Let p be 2 + 1*(-2 - -5). Suppose -p*l + 66 = -m. List the prime factors of l.
2, 11
Suppose 0 = 51*q - 45*q - 72. Let r = 162 + q. What are the prime factors of r?
2, 3, 29
Let r = 657 - -36. Let t = r - -7. Suppose 4*m = 9*m - t. What are the prime factors of m?
2, 5, 7
Suppose 4*w = -5*a + 38490, 7*a = -9*w + 11*w + 53924. What are the prime factors of a?
2, 3851
Suppose 16*t - 8468 + 1693 = -9*t. Suppose 0 = 2*i + s - 2, 0*i = 5*i - s + 9. List the prime factors of 3 - 1*(i + t)/(-2).
2, 3, 23
Let x be (2 + -2)/(-5 - -4). Suppose 18*o - 10*o - 5104 = x. What are the prime factors of o?
2, 11, 29
Suppose 169 = -0*u - u - 5*f, -5*u - 793 = -f. Let s = 605 + u. What are the prime factors of s?
2, 223
Suppose 2*x = 161 + 163. Suppose -4*l = -30 - x. Suppose v = 118 - l. List the prime factors of v.
2, 5, 7
Suppose -19*h + 1205481 = -107419. List the prime factors of h.
2, 5, 691
Let w be (-11)/(-5)*-127 - (-8)/20. Suppose 4*t - 3*d + 1880 = 0, 3*d + 2 = -10. Let y = w - t. List the prime factors of y.
2, 97
Suppose -11 - 1 = -6*g. Suppose -3*k + 3 = 4*n, 0*n + 4*n = g*k - 2. What are the prime factors of (-386)/(-4) - k - (-6)/12?
2, 3
Suppose -670*h + 680*h - 33700 = 0. What are the prime factors of h?
2, 5, 337
Suppose 1123 + 2265 = 2*m - j, -4*m - 3*j = -6776. Suppose 0 = -7*n + 693 + m. Suppose -3*i - 3*v + 567 = 2*i, -3*i + n = v. What are the prime factors of i?
2, 3, 19
Let a(n) = -8*n - 26. Let s be a(-4). Suppose -s*t = -t - 4*b - 1833, 0 = -t - 5*b + 355. List the prime factors of t.
5, 73
Let b(t) = 23*t**2 - 318*t - 157. List the prime factors of b(41).
2, 6367
Let d = -62 - -65. Suppose 5*a = -5*b + 3130, -2*b + d*a = -380 - 847. Suppose -121 = 5*j - b. List the prime factors of j.
2, 5
Let x(c) = 8*c + 11*c - 46 + 51 - 3*c. Let z be x(-2). Let b = 82 + z. List the prime factors of b.
5, 11
Suppose -10*w - 64718 = -a - 14*w, -w - 323464 = -5*a. List the prime factors of a.
2, 7, 4621
Let b = -64 + 58. Let r be (-4 - (2 - 4))/((-3)/b). List the prime factors of (-2)/r - (-6 + (-645)/6).
2, 3, 19
Suppose -2*h - 3*h + 2357 = 4*f, 0 = 5*f + 5*h - 2950. Suppose -55 = -3*d + f. Let k = d - 119. What are the prime factors of k?
97
Suppose 95*h = 92*h + 888. Suppose -3*r = -f + 229, 2*f + 5*r = h + 217. List the prime factors of f.
2, 61
Let l(o) be the third derivative of -2*o**2 + 0*o + 0 + 5/3*o**3 - 1/12*o**4 + 7/60*o**5 + 1/120*o**6. List the prime factors of l(-6).
2, 29
Let l(g) = 3*g**2 - 67*g + 134. What are the prime factors of l(33)?
2, 5, 7, 17
Let l be (-1)/(3/(-129) - 0). Let u = l + -43. Suppose -k = 4*z - 0*z - 39, u = 5*k - 2*z - 129. What are the prime factors of k?
3
Suppose -6*g = -0*g - 54. Suppose 0 = 17*p - 14*p + g. List the prime factors of 227/9 + -2*p/(-27).
5
Let t be 6*(-9)/((-108)/80). What are the prime factors of (t*42)/5 + 4?
2, 5, 17
Suppose -8 + 0 = -4*s. Suppose 5*m + 405 = -0*m + 4*p, 4*m - s*p = -324. Let c = 153 + m. List the prime factors of c.
2, 3
Let u be -6 + (-4 - 4 - -24). Suppose u = -6*m + 226. What are the prime factors of m?
2, 3
Let p(h) = -3*h**3 - 23*h**2 - 34*h. Let w be p(-14). Suppose 74*u = 81*u - w. List the prime factors of u.
2, 3, 5
Let f = 12 + -89. Let t = 79 + f. Suppose a = 5*l - 921, -3*a - 231 = -t*l + 140. What are the prime factors of l?
2, 23
Suppose -17*o - 122087 = -124*o. List the prime factors of o.
7, 163
Suppose 99*a - 101*a = -18. What are the prime factors of (5862/a)/((-26)/(-39))?
977
Let b(q) = 66*q**2 - 39*q - 717. What are the prime factors of b(-23)?
2, 3, 5849
Let x = 1755 + 15334. What are the prime factors of x?
23, 743
Let j = -29 + 30. Let n be (j - 5)*(-1785)/68. Let f = -56 + n. What are the prime factors of f?
7
Let r = 53 + -50. Suppose r*y = -t - 11, y + 5 = 1. What are the prime factors of t/5 + -2 + (-168)/(-10)?
3, 5
List the prime factors of (833 + -837)/(((-1)/(-23)*1)/(-54)).
2, 3, 23
Let u = 1177 + -1788. Let b = u + 904. Suppose -5*o - 2*s = -1129, -2*s - b = -3*o + 394. What are the prime factors of o?
227
Let a be 8372 - -1*24/6. List the prime factors of 22/(-143) + a/26.
2, 7, 23
Let a(d) = -d**3 - 30*d**2 + 29*d - 113. Let p be a(-30). Let f = p - -1400. What are the prime factors of f?
3, 139
Suppose 4*g - 134 = -38. Suppose -4*p = -g*p + 2660. What are the prime factors of p?
7, 19
Suppose 0 = -5*d + 3*n - 15, -3*d - 3*n = -7*d - 15. Suppose d = -5*h - 2*v + 220, 2*h - v - v = 102. List the prime factors of h.
2, 23
Let j(d) = d**3 + 9*d**2 - 12*d + 1. Suppose k - 37 + 38 = 0. Let q = k - 8. List the prime factors of j(q).
109
Let s(o) = -o**3 - 51*o**2 + 242*o - 37. What are the prime factors of s(-61)?
73, 307
Let u(j) = 2*j**3 - 16*j**2 - 30*j + 99. List the prime factors of u(17).
3, 1597
Let b(h) = h**3 + h**2 - 2*h - 2. Let w be b(2). Let k be (25 + 1 + 2)*3/w. What are the prime factors of -3*(-4)/8*k?
3, 7
Let t(h) = h**3 + 11*h**2 + 13*h + 10. Suppose 54 = -20*o + 18*o. Let g = -35 - o. List the prime factors of t(g).
2, 7
Suppose -4*p + 3362 = -181*k + 182*k, -4*k - p = -13403. List the prime factors of k.
2, 5, 67
Let n be 4 - (12 + -2 + -5). What are the prime factors of (-20)/20*1*n*674?
2, 337
Let z = -6193 + 10431. Suppose -3*p + 4*s = -3185, -5*p - z = -9*p + s. List the prime factors of p.
3, 353
Suppose -5*n - 4 = 2*c, 2 = c - 2*n - 5. Let h be (-9)/4*(-4)/c. Suppose q - 216 = -h*q. List the prime factors of q.
2, 3
Suppose 5*u = -g + 32 - 6, -3*g - 17 = -4*u. Suppose 3*v + u*s = 6*s + 980, 3*s = -3*v + 984. What are the prime factors of v?
3, 109
Suppose -45 = 5*n + 45. Let i be ((-12)/n)/(1/(-9)). Let z = 274 - i. List the prime factors of z.
2, 5, 7
Suppose 0*y = 3*y - 24. Suppose -y*s = -4*s - 388. Let g = 208 - s. List the prime factors of g.
3, 37
Suppose 4*n = -23 + 31. Suppose j - 5*b - 1 = -j, 2*j + n*b = 8. Suppose -l = -j*p - 146 + 515, l - 246 = -2*p. What are the prime factors of p?
3, 41
Let o(w) = 969*w**2 - 21*w - 54. Let n be o(-3). Suppose 0 = 3*d + 15*d - n. What are the prime factors of d?
5, 97
Let t(z) = z + 102*z**2 - 3 + 59 - 101*z**2. What are the prime factors of t(20)?
2, 7, 17
Let d(p) = -12*p - 8. Let k be d(-28). Suppose 0*i + i - k = 5*m, 0 = 2*i - 5*m - 666. List the prime factors of i.
2, 13
Let h be -24*(1/(-6))/((-3)/(-6)). Suppose -1448 = -h*j - 16. What are the prime factors of j?
179
Suppose -3*m - 4*r - 1 = -62, 72 = 4*m - 4*r. Suppose 0 = o - v - 14, -5*o = -2*v + 8 - 81. Let t = o + m. What are the prime factors of t?
2, 17
Let g = 90 + -87. Suppose g*t = 273 + 570. Let l = t - 150. What are the prime factors of l?
131
Suppose 831 - 43 = -2*k - 2*h, -k - 3*h - 394 = 0. Let o = k - -655. Let r = 403 - o. What are the prime factors of r?
2, 71
Suppose 2311 = -4*g - 1081. What are the prime factors of (2/((-12)/21))/(8/g)?
7, 53
Suppose 0 = -18*t + 21*t - 975. Let r = t - 168. List the prime factors of r.
157
Suppose 0 = -5*g + 20*v - 23*v + 76189, g + v = 15241. What are the prime factors of g?
15233
Let n(v) = 238*v - 8425. List the prime factors of n(61).
3, 677
Let q be 2 + 196 + (0 - -1). Suppose 0 = 11*r - q - 21. List the prime factors of (1128/r)/((-6)/(-20)).
2, 47
Let n(m) = -1985